{"id":17409,"date":"2025-07-16T10:54:14","date_gmt":"2025-07-16T10:54:14","guid":{"rendered":"https:\/\/damejprint.com\/?post_type=product&#038;p=17409"},"modified":"2025-07-16T10:56:17","modified_gmt":"2025-07-16T10:56:17","slug":"boite-a-musique-mariage-personnalisee-sublimation","status":"publish","type":"product","link":"https:\/\/damejprint.com\/?product=boite-a-musique-mariage-personnalisee-sublimation","title":{"rendered":"Bo\u00eete \u00e0 musique mariage personnalis\u00e9e SUBLIMATION"},"content":{"rendered":"<h2 class=\"pdp-mod-section-title outer-title\" data-spm-anchor-id=\"a2a0e.pdp_revamp.0.i2.3e4c3e482I23Fa\">Product details of Photo Frame &amp; Jewellery Box &#8211; Silver<\/h2>\n<div class=\"pdp-product-detail\" data-spm=\"product_detail\">\n<div class=\"pdp-product-desc \">\n<div class=\"html-content pdp-product-highlights\">\n<ul>\n<li>Rotating photo frame and jewellery box<\/li>\n<li>High quality<\/li>\n<li>Durable<\/li>\n<li>Perfect for your home<\/li>\n<\/ul>\n<\/div>\n<\/div>\n<\/div>\n","protected":false},"excerpt":{"rendered":"<h2 class=\"pdp-mod-section-title outer-title\" data-spm-anchor-id=\"a2a0e.pdp_revamp.0.i2.3e4c3e482I23Fa\">Product details of Photo Frame &amp; Jewellery Box &#8211; Silver<\/h2>\n<div class=\"pdp-product-detail\" data-spm=\"product_detail\">\n<div class=\"pdp-product-desc \">\n<div class=\"html-content pdp-product-highlights\">\n<ul>\n<li>Rotating photo frame and jewellery box<\/li>\n<li>High quality<\/li>\n<li>Durable<\/li>\n<li>Perfect for your home<\/li>\n<\/ul>\n<\/div>\n<\/div>\n<\/div>\n","protected":false},"featured_media":17410,"template":"","meta":[],"product_brand":[],"product_cat":[15,360],"product_tag":[340,322,326,319,323,324,321,337,327,334,318,339,342,341,331,338,330,335,328,320,325,336,329],"class_list":{"0":"post-17409","1":"product","2":"type-product","3":"status-publish","4":"has-post-thumbnail","6":"product_cat-uncategorized","7":"product_cat-consommable","8":"product_tag-bach","9":"product_tag-canon","10":"product_tag-decoup","11":"product_tag-dtf","12":"product_tag-dx7","13":"product_tag-ecosolvant","14":"product_tag-epson","15":"product_tag-flex","16":"product_tag-hp","17":"product_tag-konica-minolta","18":"product_tag-machine","19":"product_tag-massicot","20":"product_tag-mugs-de-sublumation-x2-gratuit","21":"product_tag-perforation","22":"product_tag-plastification","23":"product_tag-presse-a-chaude","24":"product_tag-sublimation-pack","25":"product_tag-teneth","26":"product_tag-traceur","27":"product_tag-uv","28":"product_tag-uv-dtf","29":"product_tag-vinyle","30":"product_tag-xp600","32":"first","33":"instock","34":"sale","35":"shipping-taxable","36":"purchasable","37":"product-type-simple"},"_links":{"self":[{"href":"https:\/\/damejprint.com\/index.php?rest_route=\/wp\/v2\/product\/17409","targetHints":{"allow":["GET"]}}],"collection":[{"href":"https:\/\/damejprint.com\/index.php?rest_route=\/wp\/v2\/product"}],"about":[{"href":"https:\/\/damejprint.com\/index.php?rest_route=\/wp\/v2\/types\/product"}],"wp:featuredmedia":[{"embeddable":true,"href":"https:\/\/damejprint.com\/index.php?rest_route=\/wp\/v2\/media\/17410"}],"wp:attachment":[{"href":"https:\/\/damejprint.com\/index.php?rest_route=%2Fwp%2Fv2%2Fmedia&parent=17409"}],"wp:term":[{"taxonomy":"product_brand","embeddable":true,"href":"https:\/\/damejprint.com\/index.php?rest_route=%2Fwp%2Fv2%2Fproduct_brand&post=17409"},{"taxonomy":"product_cat","embeddable":true,"href":"https:\/\/damejprint.com\/index.php?rest_route=%2Fwp%2Fv2%2Fproduct_cat&post=17409"},{"taxonomy":"product_tag","embeddable":true,"href":"https:\/\/damejprint.com\/index.php?rest_route=%2Fwp%2Fv2%2Fproduct_tag&post=17409"}],"curies":[{"name":"wp","href":"https:\/\/api.w.org\/{rel}","templated":true}]}}