{"id":17243,"date":"2025-05-22T10:45:48","date_gmt":"2025-05-22T10:45:48","guid":{"rendered":"https:\/\/damejprint.com\/?post_type=product&#038;p=17243"},"modified":"2025-05-22T10:47:08","modified_gmt":"2025-05-22T10:47:08","slug":"carte-mere-teneth-ccd-130cm","status":"publish","type":"product","link":"https:\/\/damejprint.com\/?product=carte-mere-teneth-ccd-130cm","title":{"rendered":"Carte m\u00e8re TENETH  CCD 130CM"},"content":{"rendered":"<ul class=\"seo-sellpoints--sellerPoint--RcmFO_y\">\n<li>\n<pre>Conception originale:Fabriqu\u00e9 en Chine, garantissant la qualit\u00e9 et la fiabilit\u00e9.<\/pre>\n<\/li>\n<li>\n<pre>Prise en charge de programmes : Mod\u00e8les A, B, C sans surveillance automatique, id\u00e9aux pour les programmes ordinaires.<\/pre>\n<\/li>\n<li>\n<pre>Fonction de surveillance automatique:Mod\u00e8le D avec fonction de surveillance automatique pour une pr\u00e9cision accrue.<\/pre>\n<\/li>\n<li>\n<pre>Options de connectivit\u00e9:Choisissez entre port USB et SD pour une flexibilit\u00e9 maximale.<\/pre>\n<\/li>\n<li>\n<pre data-spm-anchor-id=\"a2g0o.detail.0.i4.4427iWO1iWO1rK\">Compatibilit\u00e9 \u00e9tendue:S'adapte aux mod\u00e8les Kuco T et TH, assurant une int\u00e9gration sans faille.<\/pre>\n<\/li>\n<\/ul>\n","protected":false},"excerpt":{"rendered":"<ul>\n<li style=\"list-style-type: none\">\n<ul>\n<li>\n<div class=\"elementor-element elementor-element-8f17dc8 wd-single-title text-left elementor-widget elementor-widget-wd_single_product_title\" data-id=\"8f17dc8\" data-element_type=\"widget\" data-widget_type=\"wd_single_product_title.default\">\n<div class=\"elementor-widget-container\">\n<ul class=\"seo-sellpoints--sellerPoint--RcmFO_y\">\n<li>\n<pre>Conception originale:Fabriqu\u00e9 en Chine, garantissant la qualit\u00e9 et la fiabilit\u00e9.<\/pre>\n<\/li>\n<li>\n<pre>Prise en charge de programmes : Mod\u00e8les A, B, C sans surveillance automatique, id\u00e9aux pour les programmes ordinaires.<\/pre>\n<\/li>\n<li>\n<pre>Fonction de surveillance automatique:Mod\u00e8le D avec fonction de surveillance automatique pour une pr\u00e9cision accrue.<\/pre>\n<\/li>\n<li>\n<pre>Options de connectivit\u00e9:Choisissez entre port USB et SD pour une flexibilit\u00e9 maximale.<\/pre>\n<\/li>\n<li>\n<pre data-spm-anchor-id=\"a2g0o.detail.0.i4.4427iWO1iWO1rK\">Compatibilit\u00e9 \u00e9tendue:S'adapte aux mod\u00e8les Kuco T et TH, assurant une int\u00e9gration sans faille.<\/pre>\n<\/li>\n<\/ul>\n<\/div>\n<\/div>\n<\/li>\n<\/ul>\n<\/li>\n<\/ul>\n","protected":false},"featured_media":17244,"template":"","meta":[],"product_brand":[],"product_cat":[360,311],"product_tag":[340,322,326,319,323,324,321,337,327,334,318,339,342,341,331,338,330,335,328,320,325,336,329],"class_list":{"0":"post-17243","1":"product","2":"type-product","3":"status-publish","4":"has-post-thumbnail","6":"product_cat-consommable","7":"product_cat-pieces-de-rechanges","8":"product_tag-bach","9":"product_tag-canon","10":"product_tag-decoup","11":"product_tag-dtf","12":"product_tag-dx7","13":"product_tag-ecosolvant","14":"product_tag-epson","15":"product_tag-flex","16":"product_tag-hp","17":"product_tag-konica-minolta","18":"product_tag-machine","19":"product_tag-massicot","20":"product_tag-mugs-de-sublumation-x2-gratuit","21":"product_tag-perforation","22":"product_tag-plastification","23":"product_tag-presse-a-chaude","24":"product_tag-sublimation-pack","25":"product_tag-teneth","26":"product_tag-traceur","27":"product_tag-uv","28":"product_tag-uv-dtf","29":"product_tag-vinyle","30":"product_tag-xp600","32":"first","33":"instock","34":"sale","35":"shipping-taxable","36":"purchasable","37":"product-type-simple"},"_links":{"self":[{"href":"https:\/\/damejprint.com\/index.php?rest_route=\/wp\/v2\/product\/17243","targetHints":{"allow":["GET"]}}],"collection":[{"href":"https:\/\/damejprint.com\/index.php?rest_route=\/wp\/v2\/product"}],"about":[{"href":"https:\/\/damejprint.com\/index.php?rest_route=\/wp\/v2\/types\/product"}],"wp:featuredmedia":[{"embeddable":true,"href":"https:\/\/damejprint.com\/index.php?rest_route=\/wp\/v2\/media\/17244"}],"wp:attachment":[{"href":"https:\/\/damejprint.com\/index.php?rest_route=%2Fwp%2Fv2%2Fmedia&parent=17243"}],"wp:term":[{"taxonomy":"product_brand","embeddable":true,"href":"https:\/\/damejprint.com\/index.php?rest_route=%2Fwp%2Fv2%2Fproduct_brand&post=17243"},{"taxonomy":"product_cat","embeddable":true,"href":"https:\/\/damejprint.com\/index.php?rest_route=%2Fwp%2Fv2%2Fproduct_cat&post=17243"},{"taxonomy":"product_tag","embeddable":true,"href":"https:\/\/damejprint.com\/index.php?rest_route=%2Fwp%2Fv2%2Fproduct_tag&post=17243"}],"curies":[{"name":"wp","href":"https:\/\/api.w.org\/{rel}","templated":true}]}}