{"id":17113,"date":"2025-03-24T22:41:01","date_gmt":"2025-03-24T22:41:01","guid":{"rendered":"https:\/\/damejprint.com\/?post_type=product&#038;p=17113"},"modified":"2025-03-24T22:41:52","modified_gmt":"2025-03-24T22:41:52","slug":"mug-sublimation-degrade-orange","status":"publish","type":"product","link":"https:\/\/damejprint.com\/?product=mug-sublimation-degrade-orange","title":{"rendered":"Mug Sublimation \u2013 D\u00e9grad\u00e9 Orange"},"content":{"rendered":"<p class=\"\" data-start=\"179\" data-end=\"488\">Apportez une touche de pep\u2019s \u00e0 vos moments de d\u00e9tente avec notre mug sublimation au superbe d\u00e9grad\u00e9 orange. Inspir\u00e9 par les couleurs du soleil couchant, ce mug combine chaleur, \u00e9nergie et originalit\u00e9. Fabriqu\u00e9 en c\u00e9ramique de haute qualit\u00e9, il est parfait pour un usage quotidien, \u00e0 la maison comme au bureau.<\/p>\n<p class=\"\" data-start=\"490\" data-end=\"693\">Gr\u00e2ce \u00e0 la sublimation, l\u2019impression est \u00e9clatante, r\u00e9sistante au temps et aux lavages, sans alt\u00e9ration des couleurs. Le d\u00e9grad\u00e9 orange apporte une note dynamique et moderne qui ne passera pas inaper\u00e7ue.<\/p>\n","protected":false},"excerpt":{"rendered":"<ul>\n<li class=\"\" data-start=\"567\" data-end=\"594\">\n<ul>\n<li class=\"\" data-start=\"567\" data-end=\"594\">\n<ul>\n<li class=\"\" data-start=\"584\" data-end=\"613\">\n<ul>\n<li class=\"\" data-start=\"797\" data-end=\"818\">\n<ul>\n<li class=\"\" data-start=\"747\" data-end=\"768\">\n<ul>\n<li class=\"\" data-start=\"720\" data-end=\"741\">\n<p class=\"\" data-start=\"722\" data-end=\"741\">Capacit\u00e9 : 330 ml<\/p>\n<\/li>\n<li class=\"\" data-start=\"742\" data-end=\"777\">\n<p class=\"\" data-start=\"744\" data-end=\"777\">Mat\u00e9riau : C\u00e9ramique r\u00e9sistante<\/p>\n<\/li>\n<li class=\"\" data-start=\"778\" data-end=\"823\">\n<p class=\"\" data-start=\"780\" data-end=\"823\">Impression : Sublimation haute d\u00e9finition<\/p>\n<\/li>\n<li class=\"\" data-start=\"824\" data-end=\"868\">\n<p class=\"\" data-start=\"826\" data-end=\"868\">Compatible lave-vaisselle et micro-ondes<\/p>\n<\/li>\n<li class=\"\" data-start=\"869\" data-end=\"916\">\n<p class=\"\" data-start=\"871\" data-end=\"916\">Design : D\u00e9grad\u00e9 orange vibrant et lumineux<\/p>\n<\/li>\n<\/ul>\n<\/li>\n<\/ul>\n<\/li>\n<\/ul>\n<\/li>\n<\/ul>\n<\/li>\n<\/ul>\n<\/li>\n<\/ul>\n","protected":false},"featured_media":17114,"template":"","meta":[],"product_brand":[],"product_cat":[357],"product_tag":[],"class_list":{"0":"post-17113","1":"product","2":"type-product","3":"status-publish","4":"has-post-thumbnail","6":"product_cat-mug-sublimation","8":"first","9":"instock","10":"sale","11":"shipping-taxable","12":"purchasable","13":"product-type-simple"},"_links":{"self":[{"href":"https:\/\/damejprint.com\/index.php?rest_route=\/wp\/v2\/product\/17113","targetHints":{"allow":["GET"]}}],"collection":[{"href":"https:\/\/damejprint.com\/index.php?rest_route=\/wp\/v2\/product"}],"about":[{"href":"https:\/\/damejprint.com\/index.php?rest_route=\/wp\/v2\/types\/product"}],"wp:featuredmedia":[{"embeddable":true,"href":"https:\/\/damejprint.com\/index.php?rest_route=\/wp\/v2\/media\/17114"}],"wp:attachment":[{"href":"https:\/\/damejprint.com\/index.php?rest_route=%2Fwp%2Fv2%2Fmedia&parent=17113"}],"wp:term":[{"taxonomy":"product_brand","embeddable":true,"href":"https:\/\/damejprint.com\/index.php?rest_route=%2Fwp%2Fv2%2Fproduct_brand&post=17113"},{"taxonomy":"product_cat","embeddable":true,"href":"https:\/\/damejprint.com\/index.php?rest_route=%2Fwp%2Fv2%2Fproduct_cat&post=17113"},{"taxonomy":"product_tag","embeddable":true,"href":"https:\/\/damejprint.com\/index.php?rest_route=%2Fwp%2Fv2%2Fproduct_tag&post=17113"}],"curies":[{"name":"wp","href":"https:\/\/api.w.org\/{rel}","templated":true}]}}