{"id":17081,"date":"2025-03-14T13:51:48","date_gmt":"2025-03-14T13:51:48","guid":{"rendered":"https:\/\/damejprint.com\/?post_type=product&#038;p=17081"},"modified":"2025-03-14T13:56:41","modified_gmt":"2025-03-14T13:56:41","slug":"pate-de-serigraphie-5-kg","status":"publish","type":"product","link":"https:\/\/damejprint.com\/?product=pate-de-serigraphie-5-kg","title":{"rendered":"P\u00e2te de S\u00e9rigraphie 5 kg"},"content":{"rendered":"<p data-start=\"32\" data-end=\"293\">D\u00e9couvrez notre <strong data-start=\"48\" data-end=\"76\">p\u00e2te de s\u00e9rigraphie 5 kg<\/strong>, sp\u00e9cialement formul\u00e9e pour des impressions nettes et durables. Id\u00e9ale pour une application sur textile, papier et autres surfaces adapt\u00e9es, elle offre une excellente couvrance et une grande facilit\u00e9 d\u2019utilisation.<\/p>\n<p data-start=\"295\" data-end=\"439\">\n","protected":false},"excerpt":{"rendered":"<p>\u2705 <strong data-start=\"297\" data-end=\"336\">Texture homog\u00e8ne et facile \u00e0 \u00e9taler<\/strong><br data-start=\"336\" data-end=\"339\" \/>\u2705 <strong data-start=\"341\" data-end=\"392\">Haute opacit\u00e9 pour des r\u00e9sultats professionnels<\/strong><br data-start=\"392\" data-end=\"395\" \/>\u2705 <strong data-start=\"397\" data-end=\"437\">Adh\u00e9rence optimale et s\u00e9chage rapide<\/strong><\/p>\n","protected":false},"featured_media":17082,"template":"","meta":[],"product_brand":[],"product_cat":[360],"product_tag":[],"class_list":{"0":"post-17081","1":"product","2":"type-product","3":"status-publish","4":"has-post-thumbnail","6":"product_cat-consommable","8":"first","9":"instock","10":"sale","11":"shipping-taxable","12":"purchasable","13":"product-type-simple"},"_links":{"self":[{"href":"https:\/\/damejprint.com\/index.php?rest_route=\/wp\/v2\/product\/17081","targetHints":{"allow":["GET"]}}],"collection":[{"href":"https:\/\/damejprint.com\/index.php?rest_route=\/wp\/v2\/product"}],"about":[{"href":"https:\/\/damejprint.com\/index.php?rest_route=\/wp\/v2\/types\/product"}],"wp:featuredmedia":[{"embeddable":true,"href":"https:\/\/damejprint.com\/index.php?rest_route=\/wp\/v2\/media\/17082"}],"wp:attachment":[{"href":"https:\/\/damejprint.com\/index.php?rest_route=%2Fwp%2Fv2%2Fmedia&parent=17081"}],"wp:term":[{"taxonomy":"product_brand","embeddable":true,"href":"https:\/\/damejprint.com\/index.php?rest_route=%2Fwp%2Fv2%2Fproduct_brand&post=17081"},{"taxonomy":"product_cat","embeddable":true,"href":"https:\/\/damejprint.com\/index.php?rest_route=%2Fwp%2Fv2%2Fproduct_cat&post=17081"},{"taxonomy":"product_tag","embeddable":true,"href":"https:\/\/damejprint.com\/index.php?rest_route=%2Fwp%2Fv2%2Fproduct_tag&post=17081"}],"curies":[{"name":"wp","href":"https:\/\/api.w.org\/{rel}","templated":true}]}}