{"id":16954,"date":"2025-02-22T14:04:54","date_gmt":"2025-02-22T14:04:54","guid":{"rendered":"https:\/\/damejprint.com\/?post_type=product&#038;p=16954"},"modified":"2025-04-19T10:16:10","modified_gmt":"2025-04-19T10:16:10","slug":"marbre-de-sublimation-coeur-13-cm","status":"publish","type":"product","link":"https:\/\/damejprint.com\/?product=marbre-de-sublimation-coeur-13-cm","title":{"rendered":"Marbre de Sublimation \u2013 C\u0153ur 13 cm"},"content":{"rendered":"<p>Ajoutez une touche de tendresse et de personnalisation avec notre <strong data-start=\"111\" data-end=\"162\">marbre de sublimation en forme de c\u0153ur de 13 cm<\/strong>. Ce support en pierre naturelle est id\u00e9al pour l\u2019impression d\u2019images, de textes ou de designs uniques gr\u00e2ce \u00e0 la sublimation thermique.<\/p>\n","protected":false},"excerpt":{"rendered":"<p>\u2714\ufe0f <strong data-start=\"332\" data-end=\"344\">Mat\u00e9riau<\/strong> : Marbre naturel de haute qualit\u00e9<br data-start=\"378\" data-end=\"381\" \/>\u2714\ufe0f <strong data-start=\"384\" data-end=\"393\">Forme<\/strong> : C\u0153ur<br data-start=\"400\" data-end=\"403\" \/>\u2714\ufe0f <strong data-start=\"406\" data-end=\"420\">Dimensions<\/strong> : 13 cm<br data-start=\"428\" data-end=\"431\" \/>\u2714\ufe0f <strong data-start=\"434\" data-end=\"451\">Surface lisse<\/strong> pour une impression nette et durable<br data-start=\"488\" data-end=\"491\" \/>\u2714\ufe0f <strong data-start=\"494\" data-end=\"566\">Id\u00e9al pour les cadeaux, la d\u00e9coration et les souvenirs personnalis\u00e9s<\/strong><\/p>\n","protected":false},"featured_media":16955,"template":"","meta":[],"product_brand":[],"product_cat":[359],"product_tag":[],"class_list":{"0":"post-16954","1":"product","2":"type-product","3":"status-publish","4":"has-post-thumbnail","6":"product_cat-trophy","8":"first","9":"instock","10":"sale","11":"shipping-taxable","12":"purchasable","13":"product-type-simple"},"_links":{"self":[{"href":"https:\/\/damejprint.com\/index.php?rest_route=\/wp\/v2\/product\/16954","targetHints":{"allow":["GET"]}}],"collection":[{"href":"https:\/\/damejprint.com\/index.php?rest_route=\/wp\/v2\/product"}],"about":[{"href":"https:\/\/damejprint.com\/index.php?rest_route=\/wp\/v2\/types\/product"}],"wp:featuredmedia":[{"embeddable":true,"href":"https:\/\/damejprint.com\/index.php?rest_route=\/wp\/v2\/media\/16955"}],"wp:attachment":[{"href":"https:\/\/damejprint.com\/index.php?rest_route=%2Fwp%2Fv2%2Fmedia&parent=16954"}],"wp:term":[{"taxonomy":"product_brand","embeddable":true,"href":"https:\/\/damejprint.com\/index.php?rest_route=%2Fwp%2Fv2%2Fproduct_brand&post=16954"},{"taxonomy":"product_cat","embeddable":true,"href":"https:\/\/damejprint.com\/index.php?rest_route=%2Fwp%2Fv2%2Fproduct_cat&post=16954"},{"taxonomy":"product_tag","embeddable":true,"href":"https:\/\/damejprint.com\/index.php?rest_route=%2Fwp%2Fv2%2Fproduct_tag&post=16954"}],"curies":[{"name":"wp","href":"https:\/\/api.w.org\/{rel}","templated":true}]}}