{"id":16721,"date":"2025-02-13T16:16:54","date_gmt":"2025-02-13T16:16:54","guid":{"rendered":"https:\/\/damejprint.com\/?post_type=product&#038;p=16721"},"modified":"2025-02-13T16:19:23","modified_gmt":"2025-02-13T16:19:23","slug":"vinyle-decoupe-bleu-orafol-haute-qualite-50m","status":"publish","type":"product","link":"https:\/\/damejprint.com\/?product=vinyle-decoupe-bleu-orafol-haute-qualite-50m","title":{"rendered":"Vinyle Decoupe (BLEU) ORAFOL  &#8211; Haute Qualit\u00e9 50m"},"content":{"rendered":"<p>Apportez une touche de couleur et d\u2019\u00e9l\u00e9gance \u00e0 vos projets avec le <strong data-start=\"103\" data-end=\"135\">vinyle d\u00e9coup\u00e9 ORAFOL &#8211; Bleu<\/strong>. Connu pour sa qualit\u00e9 exceptionnelle et sa durabilit\u00e9, ce vinyle est id\u00e9al pour une large gamme d\u2019applications, que ce soit pour la signal\u00e9tique, la d\u00e9coration ou le marquage publicitaire.<\/p>\n","protected":false},"excerpt":{"rendered":"<p>\u2705 <strong data-start=\"360\" data-end=\"382\">Couleur vibrante :<\/strong> Un bleu intense et lumineux pour un rendu visuel \u00e9clatant.<br data-start=\"441\" data-end=\"444\" \/>\u2705 <strong data-start=\"446\" data-end=\"477\">Mat\u00e9riau de haute qualit\u00e9 :<\/strong> Con\u00e7u par ORAFOL, leader dans le domaine des films adh\u00e9sifs.<br data-start=\"538\" data-end=\"541\" \/>\u2705 <strong data-start=\"543\" data-end=\"567\">Facile \u00e0 appliquer :<\/strong> Excellente adh\u00e9rence sur diverses surfaces lisses.<br data-start=\"618\" data-end=\"621\" \/>\u2705 <strong data-start=\"623\" data-end=\"648\">R\u00e9sistant &amp; durable :<\/strong> Convient aussi bien pour un usage int\u00e9rieur qu&rsquo;ext\u00e9rieur.<br data-start=\"706\" data-end=\"709\" \/>\u2705 <strong data-start=\"711\" data-end=\"732\">D\u00e9coupe pr\u00e9cise :<\/strong> Parfait pour les lettrages, logos et designs complexes.<\/p>\n","protected":false},"featured_media":16722,"template":"","meta":[],"product_brand":[],"product_cat":[355],"product_tag":[],"class_list":{"0":"post-16721","1":"product","2":"type-product","3":"status-publish","4":"has-post-thumbnail","6":"product_cat-vinyle-decoupe","8":"first","9":"instock","10":"sale","11":"shipping-taxable","12":"purchasable","13":"product-type-simple"},"_links":{"self":[{"href":"https:\/\/damejprint.com\/index.php?rest_route=\/wp\/v2\/product\/16721","targetHints":{"allow":["GET"]}}],"collection":[{"href":"https:\/\/damejprint.com\/index.php?rest_route=\/wp\/v2\/product"}],"about":[{"href":"https:\/\/damejprint.com\/index.php?rest_route=\/wp\/v2\/types\/product"}],"wp:featuredmedia":[{"embeddable":true,"href":"https:\/\/damejprint.com\/index.php?rest_route=\/wp\/v2\/media\/16722"}],"wp:attachment":[{"href":"https:\/\/damejprint.com\/index.php?rest_route=%2Fwp%2Fv2%2Fmedia&parent=16721"}],"wp:term":[{"taxonomy":"product_brand","embeddable":true,"href":"https:\/\/damejprint.com\/index.php?rest_route=%2Fwp%2Fv2%2Fproduct_brand&post=16721"},{"taxonomy":"product_cat","embeddable":true,"href":"https:\/\/damejprint.com\/index.php?rest_route=%2Fwp%2Fv2%2Fproduct_cat&post=16721"},{"taxonomy":"product_tag","embeddable":true,"href":"https:\/\/damejprint.com\/index.php?rest_route=%2Fwp%2Fv2%2Fproduct_tag&post=16721"}],"curies":[{"name":"wp","href":"https:\/\/api.w.org\/{rel}","templated":true}]}}