{"id":16665,"date":"2025-02-06T19:05:28","date_gmt":"2025-02-06T19:05:28","guid":{"rendered":"https:\/\/damejprint.com\/?post_type=product&#038;p=16665"},"modified":"2025-02-06T19:08:02","modified_gmt":"2025-02-06T19:08:02","slug":"epson-initial-ink-magenta","status":"publish","type":"product","link":"https:\/\/damejprint.com\/?product=epson-initial-ink-magenta","title":{"rendered":"EPSON initial INK YELLOW"},"content":{"rendered":"<p>L&rsquo;<strong>encre Epson standard Jaune<\/strong> est une encre de base utilis\u00e9e dans les imprimantes Epson pour des impressions quotidiennes. Elle permet d&rsquo;obtenir des couleurs lumineuses et vives, en particulier pour les tons jaunes et verts. Bien qu&rsquo;elle ne soit pas sp\u00e9cialis\u00e9e pour les impressions photos de haute qualit\u00e9, l&rsquo;encre jaune Epson standard offre une reproduction correcte des couleurs pour les documents et graphiques imprim\u00e9s. Cette encre est id\u00e9ale pour un usage domestique ou au bureau, avec une bonne performance et un co\u00fbt abordable pour des impressions r\u00e9guli\u00e8res.<\/p>\n","protected":false},"excerpt":{"rendered":"<ul>\n<li>ENCRE EPSON STANDARD YELLOW<\/li>\n<\/ul>\n","protected":false},"featured_media":16667,"template":"","meta":[],"product_brand":[],"product_cat":[352],"product_tag":[],"class_list":{"0":"post-16665","1":"product","2":"type-product","3":"status-publish","4":"has-post-thumbnail","6":"product_cat-epson-ink-108","8":"first","9":"instock","10":"sale","11":"shipping-taxable","12":"purchasable","13":"product-type-simple"},"_links":{"self":[{"href":"https:\/\/damejprint.com\/index.php?rest_route=\/wp\/v2\/product\/16665","targetHints":{"allow":["GET"]}}],"collection":[{"href":"https:\/\/damejprint.com\/index.php?rest_route=\/wp\/v2\/product"}],"about":[{"href":"https:\/\/damejprint.com\/index.php?rest_route=\/wp\/v2\/types\/product"}],"wp:featuredmedia":[{"embeddable":true,"href":"https:\/\/damejprint.com\/index.php?rest_route=\/wp\/v2\/media\/16667"}],"wp:attachment":[{"href":"https:\/\/damejprint.com\/index.php?rest_route=%2Fwp%2Fv2%2Fmedia&parent=16665"}],"wp:term":[{"taxonomy":"product_brand","embeddable":true,"href":"https:\/\/damejprint.com\/index.php?rest_route=%2Fwp%2Fv2%2Fproduct_brand&post=16665"},{"taxonomy":"product_cat","embeddable":true,"href":"https:\/\/damejprint.com\/index.php?rest_route=%2Fwp%2Fv2%2Fproduct_cat&post=16665"},{"taxonomy":"product_tag","embeddable":true,"href":"https:\/\/damejprint.com\/index.php?rest_route=%2Fwp%2Fv2%2Fproduct_tag&post=16665"}],"curies":[{"name":"wp","href":"https:\/\/api.w.org\/{rel}","templated":true}]}}