{"id":16594,"date":"2025-02-05T13:15:21","date_gmt":"2025-02-05T13:15:21","guid":{"rendered":"https:\/\/damejprint.com\/?post_type=product&#038;p=16594"},"modified":"2025-02-05T13:17:11","modified_gmt":"2025-02-05T13:17:11","slug":"machine-semi-automatique-a-oeillets-pour-baches","status":"publish","type":"product","link":"https:\/\/damejprint.com\/?product=machine-semi-automatique-a-oeillets-pour-baches","title":{"rendered":"machine semi-automatique \u00e0 \u0153illets pour b\u00e2ches"},"content":{"rendered":"<p>D\u00e9tails Rapides<br \/>\nN\u00b0 de Mod\u00e8le.:<br \/>\nD03<br \/>\nService apr\u00e8s-vente:<br \/>\nservice en ligne 24h\/24<br \/>\nGarantie:<br \/>\nun an<br \/>\nCondition:<br \/>\nNouveau<br \/>\ncertificat:<br \/>\nRoHS, CE<br \/>\nautomatique ann\u00e9e:<br \/>\nSemi-automatique<br \/>\napplication Placer:<br \/>\nIndustrie du service<br \/>\nNombre de fil:<br \/>\nSix fils<br \/>\nNombre d&rsquo;aiguille:<br \/>\naiguille simple<br \/>\nEpaisseur applicable:<br \/>\nMoyen Epaisseur du mat\u00e9riau<br \/>\nType:<br \/>\nT\u00eate ronde<br \/>\nMarque D\u00e9pos\u00e9e:<br \/>\nliudu<br \/>\nPaquet de Transport:<br \/>\ncarton<br \/>\nSp\u00e9cifications:<br \/>\n44*38*33cm<br \/>\nOrigine:<br \/>\nChina<br \/>\nCode SH:<br \/>\n8453200000<\/p>\n","protected":false},"excerpt":{"rendered":"<p>D\u00e9tails Rapides N\u00b0 de Mod\u00e8le.: D03 Service apr\u00e8s-vente: service en ligne 24h\/24 Garantie: un an Condition: Nouveau certificat: RoHS, CE automatique ann\u00e9e: Semi-automatique application Placer: Industrie du service Nombre de fil: Six fils Nombre d&rsquo;aiguille: aiguille simple Epaisseur applicable: Moyen Epaisseur du mat\u00e9riau Type: T\u00eate ronde Marque D\u00e9pos\u00e9e: liudu Paquet de Transport: carton Sp\u00e9cifications: 44*38*33cm &hellip; <br \/><a href=\"https:\/\/damejprint.com\/?product=machine-semi-automatique-a-oeillets-pour-baches\" class=\"more-link\">Continue reading <span class=\"screen-reader-text\">machine semi-automatique \u00e0 \u0153illets pour b\u00e2ches<\/span><\/a><\/p>\n","protected":false},"featured_media":16597,"template":"","meta":[],"product_brand":[],"product_cat":[303],"product_tag":[340,322,326,319,323,324,321,337,327,334,318,339,342,341,331,338,330,335,328,320,325,336,329],"class_list":{"0":"post-16594","1":"product","2":"type-product","3":"status-publish","4":"has-post-thumbnail","6":"product_cat-machines-de-finition","7":"product_tag-bach","8":"product_tag-canon","9":"product_tag-decoup","10":"product_tag-dtf","11":"product_tag-dx7","12":"product_tag-ecosolvant","13":"product_tag-epson","14":"product_tag-flex","15":"product_tag-hp","16":"product_tag-konica-minolta","17":"product_tag-machine","18":"product_tag-massicot","19":"product_tag-mugs-de-sublumation-x2-gratuit","20":"product_tag-perforation","21":"product_tag-plastification","22":"product_tag-presse-a-chaude","23":"product_tag-sublimation-pack","24":"product_tag-teneth","25":"product_tag-traceur","26":"product_tag-uv","27":"product_tag-uv-dtf","28":"product_tag-vinyle","29":"product_tag-xp600","31":"first","32":"instock","33":"sale","34":"shipping-taxable","35":"purchasable","36":"product-type-simple"},"_links":{"self":[{"href":"https:\/\/damejprint.com\/index.php?rest_route=\/wp\/v2\/product\/16594","targetHints":{"allow":["GET"]}}],"collection":[{"href":"https:\/\/damejprint.com\/index.php?rest_route=\/wp\/v2\/product"}],"about":[{"href":"https:\/\/damejprint.com\/index.php?rest_route=\/wp\/v2\/types\/product"}],"wp:featuredmedia":[{"embeddable":true,"href":"https:\/\/damejprint.com\/index.php?rest_route=\/wp\/v2\/media\/16597"}],"wp:attachment":[{"href":"https:\/\/damejprint.com\/index.php?rest_route=%2Fwp%2Fv2%2Fmedia&parent=16594"}],"wp:term":[{"taxonomy":"product_brand","embeddable":true,"href":"https:\/\/damejprint.com\/index.php?rest_route=%2Fwp%2Fv2%2Fproduct_brand&post=16594"},{"taxonomy":"product_cat","embeddable":true,"href":"https:\/\/damejprint.com\/index.php?rest_route=%2Fwp%2Fv2%2Fproduct_cat&post=16594"},{"taxonomy":"product_tag","embeddable":true,"href":"https:\/\/damejprint.com\/index.php?rest_route=%2Fwp%2Fv2%2Fproduct_tag&post=16594"}],"curies":[{"name":"wp","href":"https:\/\/api.w.org\/{rel}","templated":true}]}}