{"id":16561,"date":"2025-02-04T16:37:03","date_gmt":"2025-02-04T16:37:03","guid":{"rendered":"https:\/\/damejprint.com\/?post_type=product&#038;p=16561"},"modified":"2025-02-04T16:40:10","modified_gmt":"2025-02-04T16:40:10","slug":"laser-machine-30-x-20","status":"publish","type":"product","link":"https:\/\/damejprint.com\/?product=laser-machine-30-x-20","title":{"rendered":"Laser Machine 30 x 20"},"content":{"rendered":"<div class=\"flex-shrink-0 flex flex-col relative items-end\">\n<div class=\"pt-0\">\n<div class=\"gizmo-bot-avatar flex h-8 w-8 items-center justify-center overflow-hidden rounded-full\">\n<div class=\"relative p-1 rounded-sm flex items-center justify-center bg-token-main-surface-primary text-token-text-primary h-8 w-8\">\n<p>Une machine laser 30 x 20 est un mod\u00e8le compact et pr\u00e9cis, con\u00e7u pour la d\u00e9coupe et la gravure de petits objets ou de d\u00e9tails fins sur divers mat\u00e9riaux tels que le bois, l&rsquo;acrylique, le cuir, et bien d&rsquo;autres. Avec une surface de travail de 30 x 20 cm, elle est id\u00e9ale pour des projets personnels, des prototypes ou des cr\u00e9ations artisanales n\u00e9cessitant une grande pr\u00e9cision, tout en \u00e9tant facile \u00e0 utiliser dans des espaces restreints.<\/p>\n<\/div>\n<\/div>\n<\/div>\n<\/div>\n","protected":false},"excerpt":{"rendered":"<ul>\n<li>Dispositif de pression : auto et manuel<\/li>\n<li>Capacit\u00e9 maxi : 30 cm x 20 cm<\/li>\n<\/ul>\n","protected":false},"featured_media":16565,"template":"","meta":[],"product_brand":[],"product_cat":[347],"product_tag":[340,322,326,319,323,324,321,337,327,334,318,339,342,341,331,338,330,335,328,320,325,336,329],"class_list":{"0":"post-16561","1":"product","2":"type-product","3":"status-publish","4":"has-post-thumbnail","6":"product_cat-laser-machine","7":"product_tag-bach","8":"product_tag-canon","9":"product_tag-decoup","10":"product_tag-dtf","11":"product_tag-dx7","12":"product_tag-ecosolvant","13":"product_tag-epson","14":"product_tag-flex","15":"product_tag-hp","16":"product_tag-konica-minolta","17":"product_tag-machine","18":"product_tag-massicot","19":"product_tag-mugs-de-sublumation-x2-gratuit","20":"product_tag-perforation","21":"product_tag-plastification","22":"product_tag-presse-a-chaude","23":"product_tag-sublimation-pack","24":"product_tag-teneth","25":"product_tag-traceur","26":"product_tag-uv","27":"product_tag-uv-dtf","28":"product_tag-vinyle","29":"product_tag-xp600","31":"first","32":"instock","33":"sale","34":"shipping-taxable","35":"purchasable","36":"product-type-simple"},"_links":{"self":[{"href":"https:\/\/damejprint.com\/index.php?rest_route=\/wp\/v2\/product\/16561","targetHints":{"allow":["GET"]}}],"collection":[{"href":"https:\/\/damejprint.com\/index.php?rest_route=\/wp\/v2\/product"}],"about":[{"href":"https:\/\/damejprint.com\/index.php?rest_route=\/wp\/v2\/types\/product"}],"wp:featuredmedia":[{"embeddable":true,"href":"https:\/\/damejprint.com\/index.php?rest_route=\/wp\/v2\/media\/16565"}],"wp:attachment":[{"href":"https:\/\/damejprint.com\/index.php?rest_route=%2Fwp%2Fv2%2Fmedia&parent=16561"}],"wp:term":[{"taxonomy":"product_brand","embeddable":true,"href":"https:\/\/damejprint.com\/index.php?rest_route=%2Fwp%2Fv2%2Fproduct_brand&post=16561"},{"taxonomy":"product_cat","embeddable":true,"href":"https:\/\/damejprint.com\/index.php?rest_route=%2Fwp%2Fv2%2Fproduct_cat&post=16561"},{"taxonomy":"product_tag","embeddable":true,"href":"https:\/\/damejprint.com\/index.php?rest_route=%2Fwp%2Fv2%2Fproduct_tag&post=16561"}],"curies":[{"name":"wp","href":"https:\/\/api.w.org\/{rel}","templated":true}]}}