{"id":16156,"date":"2025-01-31T15:36:38","date_gmt":"2025-01-31T15:36:38","guid":{"rendered":"https:\/\/damejprint.com\/?post_type=product&#038;p=16156"},"modified":"2025-01-31T17:34:21","modified_gmt":"2025-01-31T17:34:21","slug":"imprimante-epson-l1250-a4-v2","status":"publish","type":"product","link":"https:\/\/damejprint.com\/?product=imprimante-epson-l1250-a4-v2","title":{"rendered":"Pack Sublimation 5&#215;1 V2"},"content":{"rendered":"<p>Cette imprimante multifonction (impression, num\u00e9risation, copie), sans cartouches \u00e0 remplacer, est id\u00e9ale pour les personnes qui recherchent des impressions de haute qualit\u00e9 et un co\u00fbt par page incroyablement bas.<\/p>\n","protected":false},"excerpt":{"rendered":"<ul>\n<li>Imprimante EPSON format A4 L3211<\/li>\n<li>\u00a0Presse a chaud multifonctions 40 x 30 cm<\/li>\n<li>4 bouteilles d\u2019encres (CMJN) 100 ml<\/li>\n<li>Ruban haute temp\u00e9rature<\/li>\n<li>100 feuilles de papier A4<\/li>\n<li>1 metre dtf (gratuit)<\/li>\n<li>Mugs de sublumation x2 Gratuit<\/li>\n<\/ul>\n","protected":false},"featured_media":16197,"template":"","meta":[],"product_brand":[],"product_cat":[317],"product_tag":[340,322,326,319,323,324,321,337,327,334,318,339,342,341,331,338,330,335,328,320,325,336,329],"class_list":{"0":"post-16156","1":"product","2":"type-product","3":"status-publish","4":"has-post-thumbnail","6":"product_cat-pack-de-sublimation","7":"product_tag-bach","8":"product_tag-canon","9":"product_tag-decoup","10":"product_tag-dtf","11":"product_tag-dx7","12":"product_tag-ecosolvant","13":"product_tag-epson","14":"product_tag-flex","15":"product_tag-hp","16":"product_tag-konica-minolta","17":"product_tag-machine","18":"product_tag-massicot","19":"product_tag-mugs-de-sublumation-x2-gratuit","20":"product_tag-perforation","21":"product_tag-plastification","22":"product_tag-presse-a-chaude","23":"product_tag-sublimation-pack","24":"product_tag-teneth","25":"product_tag-traceur","26":"product_tag-uv","27":"product_tag-uv-dtf","28":"product_tag-vinyle","29":"product_tag-xp600","31":"first","32":"instock","33":"sale","34":"shipping-taxable","35":"purchasable","36":"product-type-simple"},"_links":{"self":[{"href":"https:\/\/damejprint.com\/index.php?rest_route=\/wp\/v2\/product\/16156","targetHints":{"allow":["GET"]}}],"collection":[{"href":"https:\/\/damejprint.com\/index.php?rest_route=\/wp\/v2\/product"}],"about":[{"href":"https:\/\/damejprint.com\/index.php?rest_route=\/wp\/v2\/types\/product"}],"wp:featuredmedia":[{"embeddable":true,"href":"https:\/\/damejprint.com\/index.php?rest_route=\/wp\/v2\/media\/16197"}],"wp:attachment":[{"href":"https:\/\/damejprint.com\/index.php?rest_route=%2Fwp%2Fv2%2Fmedia&parent=16156"}],"wp:term":[{"taxonomy":"product_brand","embeddable":true,"href":"https:\/\/damejprint.com\/index.php?rest_route=%2Fwp%2Fv2%2Fproduct_brand&post=16156"},{"taxonomy":"product_cat","embeddable":true,"href":"https:\/\/damejprint.com\/index.php?rest_route=%2Fwp%2Fv2%2Fproduct_cat&post=16156"},{"taxonomy":"product_tag","embeddable":true,"href":"https:\/\/damejprint.com\/index.php?rest_route=%2Fwp%2Fv2%2Fproduct_tag&post=16156"}],"curies":[{"name":"wp","href":"https:\/\/api.w.org\/{rel}","templated":true}]}}